 (-40)/(-3) + s/15?
3
Let b(i) = -5*i**2 + 4*i + 5. Let x(d) = -d**2 + 1. Let r(a) = -b(a) + 4*x(a). Let p be r(3). What is the units digit of (22/p + 1)*-2?
9
Suppose -6*r - 2*a = -4*r - 306, 3*r - 439 = a. What is the hundreds digit of r?
1
Let b = -5 - -9. What is the units digit of b?
4
Suppose -4*p + p + 2*m = 9, 2*p + 4 = 2*m. Let t = p + 11. Suppose c - 5*w = -7, -2*w + t*w = 20. What is the tens digit of c?
1
Suppose 5*b + 4 - 24 = 0. Suppose p = 13 + b. What is the units digit of p?
7
Let h be 5 - ((-6)/(-3) + 1). Suppose -b + 5*w = -4*b + 84, -4*b = h*w - 126. What is the tens digit of b?
3
Let w(y) = -y**3 + 7*y**2 - 2*y - 1. Let c be w(4). Let g = -3 + c. What is the units digit of g?
6
Let c(l) = 2*l + 1. Let q be c(-1). Let p be (q/(-2))/(1/(-28)). Let s = -8 - p. What is the units digit of s?
6
Suppose -3*o - 2*o - 25 = 0. What is the tens digit of (o/(-4))/(3/48)?
2
Let q(d) = -5*d + 129. What is the tens digit of q(0)?
2
Let p(b) = 12*b + 1. Let m be p(1). Let r(k) = -k**3 - 6*k**2 - 5*k + 3. Let x be r(-5). Suppose 3*n + x*o - 4 = 17, n - m = 5*o. What is the units digit of n?
8
Let s(k) = 2*k + 3. Let i be s(-4). What is the units digit of (-3)/((15/2)/i)?
2
Let n(d) = -d**3 + 7*d**2 + 2. Let l be n(7). Suppose 22 + 44 = l*m. What is the units digit of m?
3
Let v be (1 - 15/9)*-3. What is the units digit of v + (1 - 0) - -1?
4
Let s(u) = -4 + u**2 + 4*u - 2 - u. Let r be s(-5). What is the units digit of r/1*(-3)/(-2)?
6
Let h = -116 + 199. What is the units digit of h?
3
Let j be 1*((-99)/(-3) - 2). Let d = j - 13. What is the tens digit of d?
1
Suppose -q = -5*q. Suppose q*i = -2*i + 14. Let d = i - 2. What is the units digit of d?
5
Let g(o) = -o**3 + 7*o**2 + 7*o + 4. Suppose 0 = 3*b - 20 - 4. Let t be g(b). Let j = 6 + t. What is the units digit of j?
2
Let g = 2 + 1. Suppose 0 = g*y - 2*y - 31. What is the units digit of y?
1
What is the units digit of ((-861)/6 - -1)*(-4)/6?
5
Let d = -7 + 4. Let f be (-1 + -1)*(-3)/d. What is the units digit of 1 - -3 - (-2)/f?
3
Let p(s) = 3*s**2 + 9*s + 10. Let y(i) = 7*i**2 + 18*i + 21. Let u(q) = -5*p(q) + 2*y(q). Let l be u(-7). What is the units digit of l/(-1 - (-10)/6)?
9
Let n(i) be the first derivative of 4*i**2 + 11*i + 2. What is the units digit of n(4)?
3
Let n = -105 + 248. What is the units digit of n?
3
Suppose 2*o + 2*o = z + 21, -5*z = -5*o + 30. Let t = o - 1. What is the units digit of t?
4
Suppose 6*g + 55 = g. Let d = g - -15. Let t = d + 3. What is the units digit of t?
7
Suppose 2*b = -4*p - 38, -35 = -0*p + 4*p + b. Let m be 94/8 - 2/p. Suppose -a = -2*r + 24, 2*r - 4*a - m = -6*a. What is the tens digit of r?
1
Let u(o) = o**3 - 5*o**2 + 3*o. Let k be u(4). Let j be 1/(2/k) + -6. Let p = j - -20. What is the units digit of p?
2
Suppose 3*p - 3*u = u + 252, 4*p + 3*u - 361 = 0. Let v = p - 59. Let f = v - 13. What is the units digit of f?
6
Let r be (-12)/16 - 11/(-4). Suppose -g = r*g - 15. What is the units digit of g?
5
Let z(g) = 10*g - 4. What is the tens digit of z(3)?
2
Suppose 58 + 7 = 13*a. What is the units digit of a?
5
Let b = 33 + -37. Let o(f) be the first derivative of -2*f**2 - 6*f + 1. What is the units digit of o(b)?
0
Let w = 3 - -11. What is the tens digit of w?
1
Suppose -3*u = -3*t - 0*t + 18, 0 = 5*u + 10. Suppose 0 = -t*b + 5*b - 7. What is the units digit of b?
7
Let a(f) = f + 8. Let t be a(6). Suppose 10 = 4*d - t. What is the units digit of d?
6
Let v be -4 - 1 - -3 - -1. Let q(h) = 17*h**2 + 2*h + 2. What is the tens digit of q(v)?
1
Suppose -4*m + x + 75 = 0, -2*m - 2*x + 78 = 2*m. Let c = 13 - m. Let l = c + 14. What is the units digit of l?
8
Suppose 0 = -4*a + 13 - 5. Suppose -m = -a*m + 5. Let u = 3 + m. What is the units digit of u?
8
Suppose 8*t - 1088 = 1728. What is the tens digit of t?
5
Suppose 3*h = 2*h. Suppose -17 = -3*k + i, h*k - 9 = -3*k + 3*i. What is the units digit of k?
7
Let m(r) = r + 9. Let u be m(-6). Let z be u/(-4)*(0 - 4). Suppose n + 16 = z*n. What is the units digit of n?
8
Suppose a - 3*a - 18 = 0. What is the units digit of (a/(-6))/(2/12)?
9
Let b(f) = -f**3 - 4*f**2 - f - 9. Let z be b(-8). What is the units digit of ((-2)/3)/((-10)/z)?
7
Suppose 5*x = n + 317, -5*n - 249 = -4*x + 13. What is the tens digit of x?
6
Suppose 0 = -m + 2*c + 150, -5*m + 5*c = -783 + 53. What is the units digit of m?
2
Let j be (-60)/(-3) + 0 + 0. Suppose -3*c + 2*c - 17 = -4*f, -4*f = -j. Let b = 12 + c. What is the tens digit of b?
1
Suppose -5*w = 3*i + 53 - 16, i - 41 = 5*w. Let c = 11 + w. Suppose 8 = x - 2*m, 0 = -4*x + 5*m + 26 - c. What is the units digit of x?
2
Suppose -3*s - s + 4 = 0. Suppose 0*h - 3*h + s = 4*f, -2*h = -4*f + 26. Suppose -2*p + 9 = 3*y, 4*p - 7 = -f*y + 9. What is the units digit of y?
1
Let k be (-84)/9*3 - -3. Let f = k - -56. What is the tens digit of f?
3
Let v(u) = 6*u**2 - u + 1. Let z be v(1). Suppose 2*y = z*y - 80. What is the tens digit of y?
2
Suppose 0 = -4*f - 7 - 13. Let o(m) = -m**3 - 5*m**2 - 2*m - 6. Let d be o(f). Suppose s + s = d. What is the units digit of s?
2
Suppose 27*v = 31*v - 136. What is the units digit of v?
4
Suppose -3*j = o - 4*j + 4, o = 2*j - 5. Let k = 17 + o. What is the units digit of k?
4
Let c(r) = r**3 + r**2 - 28. Let z be c(0). Let v = -14 - z. What is the units digit of 66/v - (-8)/28?
5
Let l(a) be the first derivative of 2*a**2 - a - 1. What is the units digit of l(1)?
3
Let b(n) be the third derivative of -n**4/24 - 13*n**3/6 + 2*n**2. Let j be b(0). Let d = j - -23. What is the tens digit of d?
1
Suppose 8 = 3*f - f. Let d = f + -2. Suppose 0 = d*s + 2*o - 22, -3*s + 5*o = 4*o - 33. What is the units digit of s?
1
Let f be (2 + -2)/(-7 - -5). Suppose f = 5*i - 11 + 86. Let w = -3 - i. What is the units digit of w?
2
What is the units digit of -1 + 5 + 15 + 6?
5
Suppose -u = -3*t + 2*t, 5*u = 3*t + 6. Suppose -5*m + 8 = -i, 5*i + 2*m = 77 - 9. Suppose q + i = t*q. What is the units digit of q?
6
Let y be 42/35*(-10)/(-4). Suppose 0 = 2*k + y - 9. What is the units digit of k?
3
Let v(f) = -f**3 + 7*f**2 - 6*f + 6. Let q be v(6). Suppose -q = -4*y + y. Suppose 1 = y*k - 5. What is the units digit of k?
3
Let u(s) = s + s**2 - 4*s**2 - s**2 - 5 + s**3. Let a be u(4). Let q = 5 - a. What is the units digit of q?
6
Suppose -2*v - 4*a - a + 5 = 0, 5*a = v + 5. Suppose 336 = 6*w - v*w. What is the tens digit of w?
5
Let y be (-8 - -6)*2/2. Let q = 8 + -4. Let u = q + y. What is the units digit of u?
2
Let u be (-4)/(-5) - (-6)/30. Let s be 6 + -6 - (2 + u). Let w(k) = k**3 + 3*k**2 - 2*k - 4. What is the units digit of w(s)?
2
Let b = 99 - 66. What is the tens digit of b?
3
Let h = 1 - -1. Let v(i) = -8*i. Let g(q) = 4*q. Let l(r) = -5*g(r) - 3*v(r). What is the units digit of l(h)?
8
What is the units digit of (12/10)/((-14)/(-35))?
3
What is the tens digit of 15/(-6) - -3 - 900/(-8)?
1
Let u(k) = -8*k - 1. Let l = 2 + 3. Let j = l + -6. What is the units digit of u(j)?
7
Let a(q) = 12*q**2 - q + 10. What is the hundreds digit of a(-3)?
1
What is the units digit of 10 - (3/1 + -5)?
2
Suppose -o - 2*m + 19 = 0, 0*o - 127 = -5*o - 2*m. What is the tens digit of o?
2
Let z(r) = r**3 - 5*r**2 - 4*r - 2. Let x(m) = -m**3 - 3*m**2 + 7*m - 1. Let t be x(-5). Let a be 80/t + 2/7. What is the tens digit of z(a)?
1
Suppose 0 = 2*q - 7*q + 5*o + 65, -3*q + 2*o + 44 = 0. What is the units digit of q?
8
Let w(p) = p**2 - 8*p - 16. What is the units digit of w(13)?
9
Let r(p) = p**3 + 7*p**2 + p + 7. Let i(b) = -b**3 - 7*b**2 - 8. Let q(z) = -3*i(z) - 4*r(z). Let c be q(-4). Let v = -17 - c. What is the units digit of v?
9
Let l(m) = -5 + 12*m - m**2 + 2 - 5*m. Let r be l(6). What is the units digit of 3/6*(r + -1)?
1
Suppose 4 = -4*p, 2*u + p - 6 = -p. Let f(c) = -c**3 + 4*c**2 - c + 2. Let b be f(4). Let o = b + u. What is the units digit of o?
2
Let l be -1 - (-6)/(3/(-1)). Let q be 78/(-18) + (-1)/l. What is the tens digit of (39 - -1)*q/(-8)?
2
Suppose 3*n - n + 10 = 0, -2*l - n + 3 = 0. Suppose 0 = 4*y - l - 4. Suppose 1 - 13 = -y*b. What is the units digit of b?
6
What is the tens digit of (1 + -2)/((-3)/195)?
6
Suppose -2*j = -3*n - 4*j + 13, 0 = -3*n + 3*j + 3. Suppose n*z - z = 54. What is the tens digit of z?
2
Suppose 0 = -m + k - 6*k - 24, 5*m 